he hundreds digit of d?
1
Let p(c) = 111*c**2 + c - 3. What is the tens digit of p(2)?
4
Let i(q) = -q**3 + 7*q**2 - 4*q + 10. Suppose -2*d + 6 = -4. Suppose d*v + 6 = 31. What is the units digit of i(v)?
0
Let k be 6/12 + 26/4. Let o = k - 10. What is the units digit of 5/(4/(-60)*o)?
5
Let t(g) = g**3 + 26*g**2 - 29*g + 10. What is the units digit of t(-26)?
4
Let p(j) = -j**2 - 25*j - 3. What is the hundreds digit of p(-10)?
1
What is the units digit of (-1)/((9/(-12))/(2364/8))?
4
Let p = -689 + 711. What is the units digit of p?
2
Let n be 0/(0 - (3 + (-3 - -4))). Suppose 5*f - 158 - 217 = n. What is the tens digit of f?
7
Let k(l) = 3*l + 10. Suppose -2*o + 4*o = 0. What is the tens digit of k(o)?
1
What is the tens digit of 11*(-4 - 5354/(-22))?
3
Let u = 28 + -11. What is the units digit of u?
7
Suppose 1962 = 3*o - 3*f, -3*f = -9*o + 12*o - 1980. What is the units digit of o?
7
Suppose -5*r - 3*v + 2665 = 0, 18 + 7 = 5*v. Suppose r = 5*i - 4*d, -i - 2*d - 100 = -2*i. What is the tens digit of i?
1
Let s be 6/(-9) + 4/(-3). What is the units digit of s*(2 - 6/2)?
2
Let s be -2 + 1 - 66/(-3). Let x = 19 - s. What is the units digit of ((-10)/40)/(x/24)?
3
Suppose -3*o = -3*h + 15, 0 = -0*h - 2*h + 3*o + 7. Suppose u + h*u = 1809. What is the units digit of u?
1
Suppose 5*n = -3*d + 222, -3*n - 3*d = -112 - 26. What is the tens digit of n?
4
Let r(y) = -3*y - 3. Let k be r(-2). Suppose -k*m + 1 = -14. Let s = 12 - m. What is the units digit of s?
7
Let t(g) = g**3 + 5*g**2 - 5*g + 6. Suppose 0 = -v - 4*n - 22, 5*v + 3 = 2*n - 19. Let q be t(v). Suppose -2*z + 6*z - 124 = q. What is the tens digit of z?
3
Let i = 3367 - 2230. What is the thousands digit of i?
1
Suppose 3*f + 3*r = r + 2195, 0 = 5*r - 5. What is the units digit of f?
1
Suppose 0 = -4*s - 2*o + 578, 0*s - 3*o - 148 = -s. Let f = 261 - s. What is the units digit of f?
6
Suppose 0 = -z - 0*z + 2. Suppose 5*i + 3 + 7 = -5*x, z*i + x = 0. What is the units digit of i?
2
Suppose 3*p + 4*p = 3976. What is the tens digit of p?
6
Let i be 1 + (14/8 - (-6)/24). What is the tens digit of ((-3)/(-4))/(i/228)?
5
Suppose 0 = -8*i + i - 35. What is the hundreds digit of (-9)/45 + (-21)/i - -267?
2
Let b = 1431 - -1213. What is the units digit of b?
4
Let o(b) = 2*b**2 - 2*b + 6. Let s(y) = -y**3 + 11*y**2 + 13*y - 6. Let a be s(12). Suppose 0 = 7*z - 5*z - a. What is the units digit of o(z)?
8
Let v(h) = 3*h**3 - 10*h**2 - 13*h - 7. What is the hundreds digit of v(7)?
4
What is the units digit of (-2)/(-6)*1347 - 3?
6
Let n(r) = -r**2 + 12*r + 3. Let l be n(12). Suppose -70 = l*t - 196. Suppose 3*s + 3*s - t = 0. What is the units digit of s?
7
Let b(w) = w + 2. Let j be b(4). Let d(m) = -5*m**2 - 21*m + 16. Let a(c) = c**2 + 5*c - 4. Let z(i) = -9*a(i) - 2*d(i). What is the tens digit of z(j)?
2
Let t be ((-95)/(-114))/((-2)/(-12)). Suppose 0 = -5*g + 8*g + 5*j - 178, j = t*g - 278. What is the tens digit of g?
5
Let p(x) = x + 6. Let v be p(-3). Suppose 3*q + 0*q = v*u + 642, -5*u = 25. What is the units digit of q?
9
Let y(w) be the second derivative of 1/20*w**5 + 5*w + 0*w**3 + 0 + 1/2*w**4 - w**2. What is the units digit of y(-4)?
0
Let x = 21 - 18. Suppose x*j + 3*m = 120, 4*j - 200 = -j + 3*m. What is the tens digit of j?
4
Suppose 5*p + 5*v = 30, 4*v + 0 + 12 = 5*p. Suppose -p + 2 = 2*f. What is the tens digit of 14/(-35)*(-29 + f)?
1
Let v(h) = -h**2 - 8*h - 3. Suppose -3*n - 18 = -3*b + 18, 0 = -3*n - 4*b - 1. Let u be v(n). Let y(m) = 7*m - 5. What is the units digit of y(u)?
3
Suppose 4 = -4*t, 5*m - 2*t + 0*t - 72 = 0. Suppose 5*p - 26 - m = 0. What is the units digit of p*((8 - 2) + -2)?
2
Let a be 2/(-8)*-4*(1 - -12). Suppose -a*w = -15*w + 48. What is the tens digit of w?
2
Let p = 28 + -23. Suppose -12 = -p*w + 13. Suppose 3 = -w*q + 8. What is the units digit of q?
1
Let u = 3121 + -1596. What is the thousands digit of u?
1
Let z be 3/2 - (-12)/24. Suppose -z*c - c + 6 = 0. Suppose c*r + 49 = 129. What is the units digit of r?
0
Let r be 5 + (-1)/(5/(-10)). Suppose r*g = -247 + 653. What is the units digit of g?
8
Let q = 28 - 23. Suppose -77 + 29 = -3*s. Suppose -q*y - 1 = -s. What is the units digit of y?
3
Suppose q + 90 = -14*q. Suppose -3*p = p - 72. Let l = q + p. What is the units digit of l?
2
Suppose -5*i - 10 = -7*i. What is the units digit of (-6)/18 + i/(60/364)?
0
Let m be (-1)/(5/(-5))*614. Let o = -423 + m. What is the tens digit of o?
9
Let x(g) = -2*g - 10. Let s be x(-12). Let y = -10 + s. Suppose 0 = -y*o + 8*o - 48. What is the tens digit of o?
1
Suppose 3*p = -3*x + 72, 7*p = 5*x + 2*p - 150. Let v = -21 + x. Let j = v - 3. What is the units digit of j?
3
Suppose p + 122 = 2*t + 306, 4*p - 4*t - 716 = 0. What is the tens digit of p?
7
Let m(n) = -n**2 + 1. Let t be m(0). Let x be (1 + t)/((-10)/(-225)). Suppose 0*v + x = 3*v. What is the tens digit of v?
1
Let g = 793 - -444. What is the thousands digit of g?
1
Let b = 898 + -493. What is the tens digit of b?
0
Let o = -82 + 247. What is the tens digit of o?
6
Let p = 177 + -100. Suppose -p = o - 8*o. What is the tens digit of o?
1
Let n(c) = 173*c**2 + 6*c + 6. What is the hundreds digit of n(-2)?
6
Let a(f) = -f**2 - 10*f - 13. Let l be a(-8). Suppose l*g - 133 + 22 = 0. What is the tens digit of g?
3
Suppose -4*a = n + n + 28, -5*n + 3*a = 44. Let x(g) = g**3 - 8*g**2 + 5*g + 5. Let i be x(5). What is the units digit of 76/18 - n/i?
4
Let l = 1248 - 480. What is the tens digit of l?
6
Let w(b) = -b**3 - 18*b**2 - 27*b + 13. Let c be w(-15). What is the tens digit of 3/(c/(-127) - 2)?
2
Let c = -5176 - -9148. What is the thousands digit of c?
3
Let b = 223 + 1392. What is the hundreds digit of b?
6
Let u = -7 - 20. Let m = -11 - u. Let l = m + 2. What is the tens digit of l?
1
Let v(u) be the second derivative of -3*u**5/20 + 3*u**4/4 - u**3/6 - 11*u**2/2 - 8*u. What is the units digit of v(-4)?
9
Suppose 478 = 6*k - 5102. What is the tens digit of k?
3
Suppose -54 - 512 = -2*d - n, 3*d + n = 851. What is the hundreds digit of d?
2
Let v = 14 + -15. Let b = 66 - v. What is the tens digit of b?
6
Suppose i - 21 + 4 = 0. Suppose 5*u + 2*j = -25, 5 = u - 5*j - i. What is the units digit of -2 + 7 + u - -5?
7
Let j = 4952 - 824. What is the thousands digit of j?
4
Let k(l) = 1090*l - 45. What is the hundreds digit of k(3)?
2
Let j(d) = -d**3 + 4*d**2 + 3. Let f be j(3). Suppose -3*u - f = 0, -w - 12 = -3*u - 55. What is the units digit of w?
1
Let v = -9 - -38. Let m = -352 - -339. Let x = v + m. What is the tens digit of x?
1
Let l = 3717 - -363. What is the thousands digit of l?
4
Suppose 0 = 2*l + i - 3365, -2*l + 3*i = -2887 - 458. What is the units digit of l?
0
Let l(z) = -51*z + 204. Let s be l(4). Let j(h) be the third derivative of h**6/120 - h**5/60 + 17*h**3/3 + h**2. What is the units digit of j(s)?
4
Suppose 0 = 2*z - 108 - 12. Let b = 105 - z. What is the tens digit of b?
4
Let g = 311 - -44. What is the hundreds digit of g?
3
Let j be -1 + (-5 - -3) + 4. Let y(w) = -w**2. Let z(l) = -2*l**3 - 9*l**2 - 5*l - 2. Let p(k) = j*z(k) - 2*y(k). What is the units digit of p(-4)?
4
Let j = 331 + -199. Suppose -u = -41 + j. What is the units digit of 1/(-2) + u/(-2)?
5
Suppose 5*y + g = -2*g + 65, 0 = -2*y + 2*g + 42. Suppose y*b + 104 = 17*b. What is the hundreds digit of b?
1
Suppose 12*u = 22782 + 22218. What is the tens digit of u?
5
Suppose -2*b = 5*b + 350. Let r = 11 - b. What is the tens digit of r?
6
Let m = 222 + -152. Suppose m = 3*q - 92. What is the units digit of q?
4
Let a = 1221 - 634. What is the tens digit of a?
8
Let a(l) be the second derivative of -15*l**4/2 - l**2/2 + 10*l. Let w be a(-1). Let s = w + 128. What is the units digit of s?
7
Let w(d) = -d + 3 + 4 - 6*d + 4*d. What is the tens digit of w(-1)?
1
Let v(z) = z**3 - 10*z**2 + 19*z + 19. What is the units digit of v(11)?
9
Let o = -32 - -37. What is the units digit of ((-1)/(4/(-38)))/(o/110)?
9
Let t(j) = -j**3 - 6*j**2 - 18*j - 3. What is the hundreds digit of t(-8)?
2
Let h(b) = 3*b**2 + 8*b - 4. Let d(t) = -5*t**2 - 15*t + 7. Let k(i) = -4*d(i) - 7*h(i). Let z = 3 + 0. What is the units digit of k(z)?
3
Suppose 40 = 6*z + 4*z. Suppose 541 = 3*u + 4*b, z = 2*b + 14. What is the hundreds digit of u?
1
Suppose 